{"id":308,"date":"2014-08-29T22:01:03","date_gmt":"2014-08-29T22:01:03","guid":{"rendered":"http:\/\/www.expatpsi.com\/blogo\/?page_id=308"},"modified":"2014-08-29T22:01:03","modified_gmt":"2014-08-29T22:01:03","slug":"servicios","status":"publish","type":"page","link":"https:\/\/www.expatpsi.com\/blogo\/servicios\/","title":{"rendered":"Servicios"},"content":{"rendered":"<p>Vivir fuera de tu pa\u00eds de origen genera grandes desaf\u00edos y, consecuentemente, tambi\u00e9n genera una serie de dificultades. Es fundamental que, si esos problemas est\u00e1n haciendo que el balance de tu proyecto est\u00e9 resultando m\u00e1s negativo que positivo, los puedas trabajar con alguien que hable tu mismo idioma, entienda tu cultura y, sobretodo, sepa qu\u00e9 es esperable y que no lo es dentro de un proceso migratorio.<\/p>\n<p>Aunque tal vez tu motivo de consulta no est\u00e9 relacionado directamente con esto, el desconocimiento de ese marco puede llevar a errrores diagn\u00f3sticos.<\/p>\n<p>Te propongo entonces un espacio de Psicolog\u00eda Online que puede llevarse a cabo en distintos formatos, seg\u00fan cada necesidad. Todos tienen en com\u00fan el trabajo a trav\u00e9s de video conferencia ya que es el modo de lograr un dispositivo lo m\u00e1s parecido posible al de un consultorio presencial.<\/p>\n<p>Desde hace varios a\u00f1os trabajo para la comunidad latinoamericana expatriada o migrante a trav\u00e9s de:<br \/>\n<span class=\"destaque\" style=\"font-weight: bold; color: #cc0000;\">&#8211; Sesiones Individuales<\/span>*<br \/>\n<span class=\"destaque\" style=\"font-weight: bold; color: #cc0000;\">&#8211; Sesiones de Pareja<\/span><br \/>\n<span class=\"destaque\" style=\"font-weight: bold; color: #cc0000;\">&#8211; Orientaci\u00f3n a Padres<\/span><br \/>\n<span class=\"destaque\" style=\"font-weight: bold; color: #cc0000;\">&#8211; Sesiones grupales<\/span>\u00a0(de momento no hay cupo para este trabajo, pero si te interesa formar parte del pr\u00f3ximo grupo que se abra puedes escribirme a\u00a0<a style=\"color: #66a591;\" href=\"mailto:contacto@expatpsi.com\">contacto@expatpsi.com<\/a>\u00a0y ni bien se empiece a formar uno te estar\u00e9 contactando).<br \/>\n<span class=\"destaque\" style=\"font-weight: bold; color: #cc0000;\">&#8211; Webinars o workshops<\/span>\u00a0(si tienes alg\u00fan tema espec\u00edfico para proponer de tu inter\u00e9s, puedes escribirme a\u00a0<a style=\"color: #66a591;\" href=\"mailto:contacto@expatpsi.com\">contacto@expatpsi.com<\/a><\/p>\n<p>&nbsp;<\/p>\n<p>* <em>Las sesiones individuales incluyen una primer entrevista breve, sin cargo, para esclarecer si el motivo de consulta puede ser atendido de manera online.<\/em><\/p>\n<p>&nbsp;<\/p>\n","protected":false},"excerpt":{"rendered":"<p>Vivir fuera de tu pa\u00eds de origen genera grandes desaf\u00edos y, consecuentemente, tambi\u00e9n genera una serie de dificultades. Es fundamental que, si esos problemas est\u00e1n haciendo que el balance de tu proyecto est\u00e9 resultando m\u00e1s negativo que positivo, los puedas trabajar con alguien que hable tu mismo idioma, entienda tu cultura y, sobretodo, sepa qu\u00e9&hellip;<\/p>\n","protected":false},"author":1,"featured_media":0,"parent":0,"menu_order":3,"comment_status":"closed","ping_status":"closed","template":"","meta":{"footnotes":""},"class_list":["post-308","page","type-page","status-publish","hentry"],"_links":{"self":[{"href":"https:\/\/www.expatpsi.com\/blogo\/wp-json\/wp\/v2\/pages\/308","targetHints":{"allow":["GET"]}}],"collection":[{"href":"https:\/\/www.expatpsi.com\/blogo\/wp-json\/wp\/v2\/pages"}],"about":[{"href":"https:\/\/www.expatpsi.com\/blogo\/wp-json\/wp\/v2\/types\/page"}],"author":[{"embeddable":true,"href":"https:\/\/www.expatpsi.com\/blogo\/wp-json\/wp\/v2\/users\/1"}],"replies":[{"embeddable":true,"href":"https:\/\/www.expatpsi.com\/blogo\/wp-json\/wp\/v2\/comments?post=308"}],"version-history":[{"count":2,"href":"https:\/\/www.expatpsi.com\/blogo\/wp-json\/wp\/v2\/pages\/308\/revisions"}],"predecessor-version":[{"id":310,"href":"https:\/\/www.expatpsi.com\/blogo\/wp-json\/wp\/v2\/pages\/308\/revisions\/310"}],"wp:attachment":[{"href":"https:\/\/www.expatpsi.com\/blogo\/wp-json\/wp\/v2\/media?parent=308"}],"curies":[{"name":"wp","href":"https:\/\/api.w.org\/{rel}","templated":true}]}}